 10*u + 13. Let n be y(6). Let t = -8 - -14. Let v = t + -3. Calculate the highest common divisor of n and v.
1
Suppose 0 = 3*t - k - k - 1334, 5*k + 1319 = 3*t. What is the highest common factor of t and 64?
64
Let u be 6/18*(-306)/(-6). Calculate the greatest common factor of u and 136.
17
Suppose 0 = -c - c + 2. Suppose s - 30 = -29. Let f be (-1)/(1 - (1 + s)). What is the greatest common factor of f and c?
1
Suppose -4*w = d + 17, -6*d - 3*w = -d + 170. Let s = 136 - 81. Let i = s + d. What is the greatest common factor of 180 and i?
18
Let x(m) = 143*m - 660. Let k be x(5). Suppose 42 = -5*d + 152. What is the highest common divisor of d and k?
11
Let u = 9 - -24. Suppose -84*v = -86*v. Suppose v = 4*x - 20, -5*x + 1510 = -18*k + 23*k. What is the greatest common divisor of u and k?
33
Suppose 93 + 29 = 2*k. Let b = k + -31. Let q be (-1122)/(-15) - (76/20 + -4). Calculate the greatest common divisor of q and b.
15
Suppose 0 = 73*w - 65*w - 864. Calculate the highest common divisor of 156 and w.
12
Suppose 0 = -y + 2*t + 18, -50 - 4 = -3*y - 5*t. Let l be 382/14 - 4/14. Calculate the highest common factor of l and y.
9
Let i = -134 + 197. Calculate the greatest common factor of i and 9.
9
Let j be (10/(-14) - -1) + 120/21. Calculate the highest common factor of j and 178.
2
Suppose -5*n + 48 = -2. Suppose -4*m + 6*m = n, 3*j + 3*m + 27 = 0. Let p = -3 - j. What is the highest common divisor of 88 and p?
11
Suppose 4*f - 65 = 3*o, o - 15 = 6*o. What is the highest common factor of 14 and f?
14
Let c = 1580 + -1316. What is the highest common factor of c and 363?
33
Let b = 818 - 808. What is the highest common factor of 215 and b?
5
Let n = -48 + 86. Suppose t + n = -0*m + m, 5*t + 50 = m. Suppose 0 = 5*k - m. What is the greatest common divisor of 56 and k?
7
Let t(f) = 3*f - 25. Let h be t(-7). Suppose 3*k - 2*k + 102 = 0. Let d = h - k. Calculate the greatest common factor of d and 8.
8
Suppose -3*r + 6 = -0*r. Let w be 16/2 + r + -3. Suppose g - 5*t = -16, -3 = -2*g - 4*t + w*t. What is the greatest common factor of 63 and g?
9
Suppose b - 2218 = -3*i, -5*b + 17229 = i + 6167. Calculate the greatest common factor of 28 and b.
28
Let o(n) = 16*n**2 + 9*n - 2. Let c(j) = j - 1. Let d(u) = -5*c(u) + o(u). Let g be d(-1). What is the highest common divisor of g and 3?
3
Let z(u) = 16*u**2 + 60*u + 6. Let a be z(12). Calculate the highest common divisor of 30 and a.
30
Let o(a) = 2*a + 3 - 3*a - a**3 - 4*a**2 - 3*a**2. Let l be o(-6). Let i = -15 - l. What is the highest common divisor of 96 and i?
12
Suppose 2*u + 6 = -4*d - 0*u, 2*u = -6. Suppose 3*j + 3*b - 1 - 2 = 0, d = b + 5. Calculate the greatest common divisor of j and 54.
6
Suppose -5*r = 102 - 257. Suppose 4*u + 5*m - 1310 + 209 = 0, -2*u - 2*m + 552 = 0. What is the highest common divisor of u and r?
31
Let z be 1/4 - (-147)/4. Let p be -4*1*(-107)/4. Let o = p - z. What is the greatest common divisor of 14 and o?
14
Let r be 1350/18 + -2 + -1. Let i = -71 - -34. Let t = r + i. Calculate the greatest common factor of 5 and t.
5
Let v be (-1*2)/(112/(-6888)). Calculate the highest common divisor of v and 1066.
41
Let l(n) = 2*n - 72. Let s be l(0). Let u be (s/(-45))/((-2)/(-20)). What is the greatest common factor of 8 and u?
8
Suppose 5*q - 31 = 6*b - 10*b, 0 = 4*q + 3*b - 25. Suppose -2*i = q - 21. Calculate the greatest common factor of 49 and i.
7
Let j be (-2)/8 + (-489)/(-4). Let y be -4*6/(-8) + j. What is the greatest common factor of 50 and y?
25
Let q be 10 - (-90)/(-12) - (-1)/2. Calculate the highest common divisor of q and 1.
1
Suppose -3*y = -4*k + 57, k + 56 = 5*k - 4*y. Calculate the highest common factor of k and 42.
3
Let y be (-139)/(-9) - 44/99. What is the highest common divisor of y and 75?
15
Let d(z) be the third derivative of 1/60*z**5 + 0 + 1/2*z**3 + 1/8*z**4 + 0*z - 2*z**2. Let s be d(-5). What is the greatest common divisor of s and 91?
13
Let u(h) = -2 - 3*h + 0*h + 6 + 2*h + 2*h**2. Let l be u(-3). Suppose 14*g - 325 = g. Calculate the greatest common factor of l and g.
25
Let a be ((-3)/(-5))/(1/5). Suppose 3*z - 2*q + 18 = 0, 0 = -3*z + q - 18 + a. Let f be (-29 + z)/((-6)/20). Calculate the highest common factor of 10 and f.
10
Suppose -9*o - 108 = -135. Calculate the greatest common divisor of o and 3.
3
Let u = 0 + 0. Let x be 7 + 3/(-3) - 0. Suppose -4*g + 5*o - 39 = -x*g, u = 4*o + 4. Calculate the highest common factor of 44 and g.
22
Suppose -5*q + 2*q = -45. Let f(m) = m + 6. Let d be f(q). Calculate the highest common divisor of d and 7.
7
Suppose 4*v + 0*v = -8. Let f = -2 - v. Suppose f = -3*q + 8*q - 165. Calculate the highest common factor of q and 22.
11
Let y be 85308/66 + (36/22)/(-3). What is the highest common factor of y and 102?
34
Suppose 1008 = 4*r + 2*m + 256, -m - 554 = -3*r. Calculate the highest common factor of r and 496.
62
Let a(m) = -3*m + 26. Let p be a(8). Suppose -p*j + 30 = 3*x, 6*x - 5*x = -3*j + 17. What is the greatest common factor of x and 4?
4
Suppose -1423 = -21*c + 929. Let y be (-4)/(-3)*21/2. Calculate the highest common divisor of c and y.
14
Suppose -26*u = 19*u - 1080. Calculate the greatest common divisor of u and 6.
6
Suppose -850 = 13*k - 18*k. Calculate the greatest common divisor of 102 and k.
34
Suppose 3*i - 647 - 85 = 0. Let t = i + -174. What is the greatest common factor of 28 and t?
14
Suppose 9*j - 81 = -54. Calculate the highest common divisor of 34 and j.
1
Let a(t) = 28*t - 8. Let p = 3 + 1. Let y be a(p). What is the greatest common factor of 13 and y?
13
Let q = -118 - -173. Suppose -4*u = -q - 101. Calculate the highest common factor of 13 and u.
13
Suppose -k + 1 = -1. Suppose -80 + 12 = -k*z. What is the greatest common factor of 51 and z?
17
Let c = 1656 - 1626. Calculate the greatest common factor of 2430 and c.
30
Let w = -72 - -98. Let j(k) = k**3 - 11*k**2 + 12*k + 11. Let m be j(11). Let n = 325 - m. Calculate the greatest common divisor of n and w.
26
Let u(m) = -m**2 + 12*m - 9. Let t be u(11). Let p(o) = -17*o + 3 + t*o - 2*o - 9*o. Let a be p(-3). What is the highest common factor of a and 9?
9
Let x = -51 - -216. Let w = 53 + -51. Suppose -55 = -4*y + w*i - 3*i, 80 = 4*y - 4*i. What is the highest common factor of y and x?
15
Let v = -10 + 7. Let z be (v - -12 - -3) + -2. Suppose -5*t + 50 = -z. Calculate the highest common divisor of t and 108.
12
Let o(q) = -q**3 + 9*q**2 - 36*q + 159. Let j be o(7). Suppose -4*u + 0*u = -80. What is the highest common divisor of u and j?
5
Let x(v) = -65*v - 482. Let o be x(-8). Calculate the greatest common factor of 1558 and o.
38
Suppose -8 = -3*m + 37. Suppose -s + m = 2*s. What is the highest common divisor of 5 and s?
5
Let l(n) = n**2 - n + 1. Let v be l(1). Let b be (v - -1) + 16 + -5. Let q = -20 - -46. What is the highest common factor of b and q?
13
Let x(b) = 9*b**2 + 2*b - 1. Let q(j) = j. Let m(z) = -3*q(z) + x(z). Let c be m(-1). Let h be 6/(-2)*(-1)/3. Calculate the greatest common divisor of c and h.
1
Suppose 0 = 2*s + 5*u + 2, 5*s - 4*u + 38 = -0*s. Let o be s/((-6)/5) + (-1)/(-1). What is the greatest common divisor of o and 6?
6
Suppose -2*z = 2*z + 996. Let l = 425 + z. Calculate the highest common divisor of 22 and l.
22
Let k(v) = v**3 - 4*v**2 - 2*v + 10. Let x be k(4). Let p(t) = 2*t**2 + 6*t - 2. Let d be p(x). Calculate the greatest common factor of d and 144.
18
Let v be (1 - 7/3)*(-305 + 302). Let k be 6*1 + -2 + 1. Suppose v*l = -5*g + 38 + 2, k*g = 4*l - 40. What is the highest common factor of l and 80?
10
Let a(m) = m + 18. Let y(g) = g**3 - 6*g**2 + 8*g - 7. Let h be (3 - -2)*4/4. Let n be y(h). Let f be a(n). Calculate the greatest common divisor of 65 and f.
13
Suppose 0 = 4*m - x - 390, 3*m - 4*m + 2*x = -94. Calculate the highest common divisor of 42 and m.
14
Suppose l = 2*u - 232, 109*u - 2*l - 579 = 104*u. Let p be (-6)/(-21) - 318/(-14). What is the greatest common divisor of p and u?
23
Let q be (-30)/(-135) - (7/(-9) - 2). What is the greatest common divisor of 171 and q?
3
Let x(o) = o**2 - 4*o. Let l be x(5). Suppose 3*q + 0*q = 2*z + 30, -2*q = l*z - 1. Let h = 14 - 13. Calculate the greatest common factor of h and q.
1
Let s = -2 - -6. Let n = -32 - -35. Let t be n/5 + (-513)/(-9